8210 - 5647. Let o = a - -1044. Is o prime?
True
Suppose 2*u - 2 = -0. Suppose -6*j = -17 - u. Suppose -5*a + 11 = 4*h, j*h + 12 = -2*a + 5*a. Is a composite?
False
Is -4 - (-8 - 161)*537 a composite number?
False
Suppose 4*i = 8, -5*k + 4*i + 29 = -18. Suppose -395 = -12*b + k*b. Suppose 0 = 4*u - 969 - b. Is u a prime number?
False
Let m = 2794 - -7757. Suppose -5*k + 26335 = o, -2*k + m = -4*o + o. Suppose 8*r - k = 4*r. Is r prime?
False
Let h(s) = 14121*s**2 - 80*s + 3. Is h(-2) a composite number?
True
Is (2068/1551)/((-8)/(-3391278)) prime?
False
Let p be (30 - 15)/(2/2). Let r be 12/(-9) + 13115/p. Let v = 340 + r. Is v prime?
True
Let k(m) = -m**3 + 68*m**2 - 80*m + 286. Is k(45) a composite number?
False
Suppose 34*d = 35*d - 19310. Let p = -1663 + d. Is p a prime number?
False
Let q(u) = u**3 + 6*u**2 - 8*u - 7. Let o be q(-7). Suppose o = -5*w - 1067 - 1823. Is (3 - w/2) + 3 a composite number?
True
Suppose 22*w - 1375240 = 1267422. Is w prime?
True
Is (-1)/(2/4684*(-6 + 4)) a prime number?
True
Let h(o) = 37*o - 6. Let q(u) = 37*u - 5. Let a(z) = -2*h(z) + 3*q(z). Let t be a(-1). Let k = t + 114. Is k a prime number?
False
Let m = -34523 - -50310. Suppose 3946 = f - x, -5*f + f + x + m = 0. Is f prime?
True
Suppose 2*q = 4*h - 0*q - 76, -5*q = 0. Suppose 4*l + h = 7*l - 2*a, -4*a = 5*l - 61. Is l/6 - (-1169)/2 prime?
False
Is (-18)/(-27)*(-1 - -86062) a composite number?
True
Let u(n) = -62956*n + 56. Let p be u(-4). Is p/84 + 3/7 a composite number?
False
Let l(c) = 40 - 75 + 42 - 4*c. Let a be l(0). Suppose -a*y + 1004 = -3*y. Is y a composite number?
False
Let n = -209 - -213. Is (-5585 + n + 0)/(-1) composite?
False
Let u be -272 - (-5 - 6*(-4)/8). Let l = u + -342. Let i = 1589 + l. Is i composite?
False
Suppose 3*j - 8*j = -3*k - 72, -3*k = -3. Is -2179*5/j*-3 a composite number?
False
Let g(y) be the third derivative of 403*y**4/2 - 317*y**3/6 + 5*y**2 + 37. Is g(6) a composite number?
True
Suppose -3*f + 7 = 5*j - 14, 5*f = -3*j + 19. Suppose 1053 = 6*n - n + f*g, 4*n + 2*g - 842 = 0. Is n a prime number?
True
Suppose 4*a + 5 = -p, -3*p - 3*a + 6 = p. Suppose 3*l - 16 = -l, -p*l - 2296 = -f. Suppose 7744 = 4*w + 5*q, -q + 381 - f = -w. Is w composite?
False
Let s(d) = -7*d**3 - 6*d**2 + 11*d + 11. Let u be s(5). Let t = 554 - 972. Let g = t - u. Is g a composite number?
False
Suppose 3*q = -5*w + 4*q + 38048, -3*q + 22818 = 3*w. Is (w/(-14))/((2*-1)/4) composite?
False
Let o be (204/119)/(2/7). Let c be o/4*12/9. Suppose -940 = -2*r - c*i, -458 = -3*r + i + 940. Is r a prime number?
True
Let f = -119 + 124. Suppose -5*p + 4605 = f*h, p - 9*h = -8*h + 921. Is p a composite number?
True
Let n(c) = -14*c + 91. Let g be n(8). Is -4101*(g/(-9))/(-7) prime?
True
Is (2 - 113876/21)*27/(-18) a prime number?
False
Let y(z) = -9*z**3 - 7*z**2 + 5*z + 8. Let o(w) = 7*w**3 + 6*w**2 - 4*w - 7. Let u(h) = 6*o(h) + 5*y(h). Is u(-7) a prime number?
True
Let w(t) be the first derivative of 37*t**3/3 - 12*t**2 - 18*t - 1. Is w(-17) prime?
True
Let b(c) = -733*c - 1. Let t be b(-1). Let s = t - 374. Is s composite?
True
Let v be 16/(-48) + 16/3. Suppose -3 = -2*q + 3. Suppose -2*h = -v*d + 4697, 3*h = -q*d + 2117 + 718. Is d prime?
True
Let l(z) = -54320*z + 2241. Is l(-14) a prime number?
True
Suppose -37*c - 52206 = -2*j - 33*c, 5*j - 2*c - 130475 = 0. Is j prime?
False
Let b(v) = 2176*v**2 - 83*v + 268. Is b(21) prime?
True
Suppose u - 42 = -5*u. Let h = -4 + u. Suppose -3*t = -h*y - 336, -5 = 5*y - 10*y. Is t a prime number?
True
Let h(l) = -60*l**3 - 3*l**2 + 15*l - 5. Suppose -x = -3*x - 14. Is h(x) a prime number?
True
Is (2375/38)/25 - 5788474/8*-2 prime?
False
Suppose 78*s = -103*s + 90002431. Is s composite?
True
Suppose 12*a - 16*a = 3*v - 70, 3*v - 3*a - 42 = 0. Is 121478/v - ((-56)/(-72) + -1) composite?
True
Suppose 2*k = -d + 204859, 0 = 82*k - 80*k + 4*d - 204838. Is k a composite number?
False
Suppose -39*j + 37*j + 10 = 0. Suppose l - 5*l = 0, 4*b + j*l - 50636 = 0. Is b a prime number?
True
Let n(j) = 26*j**2 - 6*j - 12. Let k(t) = -3*t**2 - 6. Let r be k(0). Let m be n(r). Let s = -567 + m. Is s composite?
True
Let r be 4/(-14) + 2*92/56. Let w be 1/r - 10409/(-21). Suppose w + 12 = 2*z. Is z prime?
False
Let a(w) = -6*w**2 - 34*w + 2. Let g be a(-6). Is (2174/g*1)/(46/(-230)) a composite number?
False
Let j(n) = n**3 + 11*n**2 + 8*n - 18. Let t be j(-10). Let w be (-2 + 2)/3 + t + 1. Is 0/w - 11/((-22)/20) composite?
True
Let v = -4 - -10. Suppose -4*o + o = 9, -5*l + 4*o = -17062. Suppose -v*b + l = -3244. Is b a prime number?
True
Is (716/3580)/((-2)/(-1630540)*2) composite?
False
Suppose 498*w = 506*w. Let m be 1295*1*(-4)/(-10). Suppose w = 2*r - 0*r - m. Is r composite?
True
Suppose -2*u = -u - 3*g + 6, -5*g + 43 = 2*u. Suppose -3 = 2*p - u. Suppose -3093 = -h - 5*v, 3*h - 6*v - 9207 = -p*v. Is h composite?
True
Let v be -10 - (-18)/132*-11*(-8)/3. Let r be (10/(-6))/((-3)/369). Is (-3)/v*6 - -10*r a composite number?
False
Suppose 157 - 171 = -7*a. Is (-8)/2 + 10791/6*a prime?
True
Let h(l) = -l**2 - 9*l + 76469. Is h(0) a prime number?
False
Let j(u) = 2*u**3 - 9*u**2 + u + 15. Let i be j(4). Suppose 1 = a + 5, -2*f + 2686 = -i*a. Is f a composite number?
True
Suppose -6 = 5*n - 3*z - 31, 5*n - 2*z = 25. Suppose 5*x - 29885 = -n*a, 3*x + 6*a = 5*a + 17939. Is x composite?
False
Let p(w) = -2*w - 3. Let h(j) = -275*j - 27. Let f(y) = -h(y) + 5*p(y). Is f(5) a composite number?
True
Suppose -571 + 7251 = 5*a - 5*p, 0 = 5*p - 5. Let j = 2079 - a. Let t = j + -523. Is t a prime number?
False
Let k(c) = -581*c**3 + 3*c**2 - 41*c + 13. Is k(-6) a prime number?
True
Let z(u) = 222*u**2 + u + 4. Let n be z(-2). Let b be ((-5452)/(-8))/((-5)/10 + 0). Let f = n - b. Is f a prime number?
False
Let f(x) = -341952*x + 805. Is f(-1) a composite number?
False
Let o = -170758 - -320267. Is o prime?
False
Suppose 187 = -43*n + 60*n. Let m(x) = 2*x**2 + 30*x - 105. Is m(n) a prime number?
True
Let z(o) = 85002*o + 83. Is z(2) a composite number?
True
Let w(y) = -9*y**3 + 17*y + 4*y**2 + 13 + 22*y**3 + 10*y**3. Is w(6) a composite number?
False
Suppose 35*f - 42*f - 8652 = 0. Let d = f + 6207. Is d composite?
True
Suppose 0 = -508*m + 505*m + 39. Let q(s) = s**3 - 3*s**2 + 3*s - 6. Is q(m) a prime number?
True
Suppose 49*o - 51*o - 160347 = -5*r, 4*r = -5*o + 128271. Is r a prime number?
True
Suppose 4*i = -0*i - 5868. Let o = -7744 - -5468. Let a = i - o. Is a a prime number?
True
Let i = 1626 + 1064. Suppose -3*n + i = -5*g, -4*n = -10*g + 14*g - 3576. Is n a prime number?
False
Is (180/(-720))/((3/(-612236))/3) prime?
True
Let i be ((-41388)/(-15) - 2) + 7/(-35). Suppose 4*w = -7*b + 4*b + i, -b = -w - 919. Is b a composite number?
False
Let j = 639822 - 292603. Is j a prime number?
False
Let m(d) = 21657*d**3 - 118*d**2 + 340*d - 4. Is m(3) a prime number?
True
Suppose 0 = -a - 5*w + 561960, 4*a - 3*a - w = 561990. Is a prime?
False
Let h = -680126 + 1005505. Is h prime?
True
Let m(g) = -g**3 - 29*g**2 + 5*g - 14. Let h be m(-23). Let p = h + 5798. Is p a composite number?
True
Suppose -9440 = -8*x + 2824. Suppose x = -9*t + 10*t + 5*i, 5*t + 3*i - 7709 = 0. Is t prime?
True
Let k(s) = 23*s - 2. Let t(l) = -15*l + 2. Let p(c) = -5*k(c) - 8*t(c). Let u be p(2). Suppose -3455 = -u*a + 2933. Is a a prime number?
True
Suppose 0 = t + z - 2, 3*t = z - 2. Let i(r) = 5*r + 211. Is i(t) composite?
False
Suppose 0 = 5*v + 20, 11*c + v - 121414 = 9*c. Is c prime?
False
Let b be (-3)/(-18) + 3281317/(-78). Is ((-19)/(-38))/((-2)/b) composite?
True
Let q(u) = 449*u**2 - 4*u - 4. Suppose -10*r - 14 = -4. Let p be (-1)/(((-4)/2 - r)*-1). Is q(p) a prime number?
True
Let q = 13 - 11. Suppose 0 = -2*x + q*x + x. Suppose x = -36*y + 35*y + 251. Is y a composite number?
False
Suppose -5*c = -5*a + 3*a - 6, -a + 3*c = 4. Suppose -a*r = -5*r. Suppose r*t + h = -2*t + 837, 1261 = 3*t - 4*h. Is t composite?
False
Suppose 6*l - l = 0, 0 = 2*m - l. Let s = 3 - m. Suppose 0 = -5*b + n + 960, b + s*n = 4*b - 588. Is b a composite number?
False
Let k(n) = 176187*n**2 + 10*n + 2. Is k(-1) a composite number?
False
Suppose 3*f = 0, 2*o - f - f - 2*f - 956606 = 0. Is o a prime number?
False
Suppose f = -4*v + 45409, -12*v - 34058 = -15*v - f. Is v a com